{"id":48,"date":"2013-08-11T18:46:13","date_gmt":"2013-08-11T16:46:13","guid":{"rendered":"http:\/\/www.judo-niederstetten.de\/cms\/?page_id=48"},"modified":"2025-03-11T19:35:42","modified_gmt":"2025-03-11T17:35:42","slug":"leitung","status":"publish","type":"page","link":"http:\/\/www.judo-niederstetten.de\/cms\/leitung\/","title":{"rendered":"Leitung"},"content":{"rendered":"<h2>Die Leitung der Judoabteilung TV Niederstetten<\/h2>\n<table border=\"0\" width=\"100%\" cellspacing=\"0\" cellpadding=\"0\">\n<tbody>\n<tr>\n<td valign=\"top\" width=\"150\">Abteilungsleiter:<\/td>\n<td valign=\"top\">Sandra Lembke<\/td>\n<td rowspan=\"8\">&nbsp;<\/td>\n<\/tr>\n<tr>\n<td valign=\"top\" width=\"150\">Stellvertreterin:<\/td>\n<td valign=\"top\">Nadine Metzger<\/td>\n<\/tr>\n<tr>\n<td valign=\"top\" width=\"150\">Kassierer &amp; Materialwart:<\/td>\n<td valign=\"top\">Katie Maclean<\/td>\n<\/tr>\n<tr>\n<td valign=\"top\" width=\"150\">Pressewart und<br \/>\nSchriftf\u00fchrer<\/td>\n<td valign=\"top\">Birgitta G\u00f6tzelmann-Liebig<\/td>\n<\/tr>\n<tr>\n<td valign=\"top\">Jugendwart:<\/td>\n<td valign=\"top\">Maria Liebig<\/td>\n<\/tr>\n<tr>\n<td valign=\"top\" width=\"150\">&nbsp;<\/td>\n<td valign=\"top\">&nbsp;<\/td>\n<\/tr>\n<tr>\n<td valign=\"top\">Beisitzende:<\/td>\n<td valign=\"top\">Lukas Baumann<br \/>\nAlexander Maclean<br \/>\nRita Schl\u00f6r<br \/>\nFlorian Alves Garcia<\/td>\n<\/tr>\n<tr>\n<td valign=\"top\" width=\"150\">Vereinsanschrift:<\/td>\n<td valign=\"top\">Judoabteilung TV Niederstetten<br \/>\nAm Alten Berg 2<br \/>\n97996 Niederstetten<a title=\"E-Mailadresse Judoabteilung TV Niederstetten\" href=\"mailto:info@judo-niederstetten.de\">info@judo-niederstetten.de<\/a><\/td>\n<\/tr>\n<\/tbody>\n<\/table>\n","protected":false},"excerpt":{"rendered":"<p>Die Leitung der Judoabteilung TV Niederstetten Abteilungsleiter: Sandra Lembke &nbsp; Stellvertreterin: Nadine Metzger Kassierer &amp; Materialwart: Katie Maclean Pressewart und Schriftf\u00fchrer Birgitta G\u00f6tzelmann-Liebig Jugendwart: Maria Liebig &nbsp; &nbsp; Beisitzende: Lukas Baumann Alexander Maclean Rita Schl\u00f6r Florian Alves Garcia Vereinsanschrift: Judoabteilung TV Niederstetten Am Alten Berg 2 97996 Niederstetteninfo@judo-niederstetten.de<\/p>\n","protected":false},"author":1,"featured_media":0,"parent":0,"menu_order":0,"comment_status":"closed","ping_status":"closed","template":"","meta":{"ngg_post_thumbnail":0,"footnotes":""},"class_list":["post-48","page","type-page","status-publish","hentry"],"_links":{"self":[{"href":"http:\/\/www.judo-niederstetten.de\/cms\/wp-json\/wp\/v2\/pages\/48","targetHints":{"allow":["GET"]}}],"collection":[{"href":"http:\/\/www.judo-niederstetten.de\/cms\/wp-json\/wp\/v2\/pages"}],"about":[{"href":"http:\/\/www.judo-niederstetten.de\/cms\/wp-json\/wp\/v2\/types\/page"}],"author":[{"embeddable":true,"href":"http:\/\/www.judo-niederstetten.de\/cms\/wp-json\/wp\/v2\/users\/1"}],"replies":[{"embeddable":true,"href":"http:\/\/www.judo-niederstetten.de\/cms\/wp-json\/wp\/v2\/comments?post=48"}],"version-history":[{"count":14,"href":"http:\/\/www.judo-niederstetten.de\/cms\/wp-json\/wp\/v2\/pages\/48\/revisions"}],"predecessor-version":[{"id":1515,"href":"http:\/\/www.judo-niederstetten.de\/cms\/wp-json\/wp\/v2\/pages\/48\/revisions\/1515"}],"wp:attachment":[{"href":"http:\/\/www.judo-niederstetten.de\/cms\/wp-json\/wp\/v2\/media?parent=48"}],"curies":[{"name":"wp","href":"https:\/\/api.w.org\/{rel}","templated":true}]}}