{"id":44,"date":"2013-08-11T18:44:47","date_gmt":"2013-08-11T16:44:47","guid":{"rendered":"http:\/\/www.judo-niederstetten.de\/cms\/?page_id=44"},"modified":"2018-05-20T11:36:27","modified_gmt":"2018-05-20T09:36:27","slug":"history","status":"publish","type":"page","link":"http:\/\/www.judo-niederstetten.de\/cms\/history\/","title":{"rendered":"History"},"content":{"rendered":"<h1 align=\"center\">Die Geschichte \/ History des Judo<\/h1>\n<h2>Hier ein Schulaufsatz eines Judoka aus Niederstetten (1987 geschrieben)<\/h2>\n<p>Kampfgeschrei, harte Schl\u00e4ge, Schwerverletzte&#8230; so stellt sich vielleicht mancher Judo vor. Doch die Wirklichkeit sieht ganz anders aus. Judo, das hei\u00dft auf deutsch <strong>&#8222;Der sanfte Weg&#8220;<\/strong>. Auch von Kampfgeschreien kann keine Rede sein, denn die Schreie, die manche Judoka manchmal aussto\u00dfen, dienen nur zur eigenen Mobilisation von letzten Kraftreserven.<\/p>\n<p>Die Geschichte des Judosports begann schon im Mittelalter in Japan, wo junge M\u00e4nner in der Kriegskaste der Samurai darin geschult wurden, mit und ohne Waffen im Nahkampf bestehen zu k\u00f6nnen. Die Griffe und Schl\u00e4ge damals hatten meistens den Zweck, den Gegner zumindest kampfunf\u00e4hig zu machen. Mit Sport hatte das wohl noch sehr wenig zu tun.<\/p>\n<p>Mit dem Vordringen der Zivilisation gerieten die alten K\u00fcnste aber immer mehr in Vergessenheit.<\/p>\n<p>Mitte des letzten Jahrhunderts war es dann ausgerechnet ein Deutscher, der indirekt f\u00fcr die Geburt des Judosports sorgte.<br \/>\nDer Bietigheimer Arzt Erich Baelz war nach Japan gekommen, um an der Universit\u00e4t Tokio zu unterrichten. Er war gewisserma\u00dfen entsetzt \u00fcber die Stubenhockerei dieser jungen Studenten, die fast nur im Zimmer herumsa\u00dfen, um zu lernen. Bei Baelzs Studie \u00fcber die Vergangenheit Japans, stie\u00df er auf die traditionellen K\u00fcnste der Samurai, die er f\u00fcr geeignet hielt den jungen M\u00e4nnern etwas Bewegung zu verschaffen.<\/p>\n<p>Die Kampfsportart, die aus diesen \u00dcbungen entstand, nennt man heute Jiu-Jiutsu.<\/p>\n<p>Einer der Sch\u00fcler von Baelz, Jigoro Kano, sah in diesen \u00dcbungen mehr als einen Zeitvertreib und begann alle diese alten Techniken zu lernen. Jigoro Kano erkannte, da\u00df es nicht der Sinn ist seinen Gegner unbedingt zu t\u00f6ten und begann damit, alle Schlag- und Sto\u00dftechniken, die zu Verletzungen oder noch schlimmer f\u00fchren konnten, zu entfernen und entwickelte damit langsam die Grundform des heutigen Judo.<\/p>\n<p>1882 gr\u00fcndete Jigoro Kano in Tokio die Schule zum &#8222;Studium des Weges&#8220;, genannt &#8222;Kodokan&#8220;, die heute noch das Zentrum des Judosports ist. Zu Beginn unseres Jahrhunderts machte sich diese Sportart auch langsam in den westlichen L\u00e4ndern breit. In Berlin wurde 1905 eine Schule f\u00fcr Judo und Jiu-Jiutsu gegr\u00fcndet und 1920 kam es in Frankfurt zur ersten Bildung eines reinen Judoclubs.<\/p>\n<p>Externe Links zu dem Thema:<\/p>\n<p>Judo, die Geschichte und mehr:<br \/>\n<a title=\"Externer Link zu Wikipedia\" href=\"http:\/\/de.wikipedia.org\/wiki\/Judo\" target=\"_blank\">http:\/\/de.wikipedia.org\/wiki\/Judo<\/a><br \/>\n<a title=\"Externer Link zu Wikipedia\" href=\"http:\/\/de.wikipedia.org\/wiki\/Kod%C5%8Dkan_J%C5%ABd%C5%8D\" target=\"_blank\">http:\/\/de.wikipedia.org\/wiki\/Kod%C5%8Dkan_J%C5%ABd%C5%8D<\/a><br \/>\nJigoro Kano: <a title=\"Externer Link zu Wikipedia\" href=\"http:\/\/de.wikipedia.org\/wiki\/Jigoro_Kano\" target=\"_blank\">http:\/\/de.wikipedia.org\/wiki\/Jigoro_Kano<\/a><br \/>\nErwin von B\u00e4lz: <a title=\"Externer Link zu Wikipedia\" href=\"http:\/\/de.wikipedia.org\/wiki\/Erwin_von_B%C3%A4lz%20\" target=\"_blank\">http:\/\/de.wikipedia.org\/wiki\/Erwin_von_B%C3%A4lz<\/a><\/p>\n","protected":false},"excerpt":{"rendered":"<p>Die Geschichte \/ History des Judo Hier ein Schulaufsatz eines Judoka aus Niederstetten (1987 geschrieben) Kampfgeschrei, harte Schl\u00e4ge, Schwerverletzte&#8230; so stellt sich vielleicht mancher Judo vor. Doch die Wirklichkeit sieht ganz anders aus. Judo, das hei\u00dft auf deutsch &#8222;Der sanfte Weg&#8220;. Auch von Kampfgeschreien kann keine Rede sein, denn die Schreie, die manche Judoka manchmal [&hellip;]<\/p>\n","protected":false},"author":1,"featured_media":0,"parent":0,"menu_order":0,"comment_status":"closed","ping_status":"open","template":"","meta":{"ngg_post_thumbnail":0,"footnotes":""},"class_list":["post-44","page","type-page","status-publish","hentry"],"_links":{"self":[{"href":"http:\/\/www.judo-niederstetten.de\/cms\/wp-json\/wp\/v2\/pages\/44","targetHints":{"allow":["GET"]}}],"collection":[{"href":"http:\/\/www.judo-niederstetten.de\/cms\/wp-json\/wp\/v2\/pages"}],"about":[{"href":"http:\/\/www.judo-niederstetten.de\/cms\/wp-json\/wp\/v2\/types\/page"}],"author":[{"embeddable":true,"href":"http:\/\/www.judo-niederstetten.de\/cms\/wp-json\/wp\/v2\/users\/1"}],"replies":[{"embeddable":true,"href":"http:\/\/www.judo-niederstetten.de\/cms\/wp-json\/wp\/v2\/comments?post=44"}],"version-history":[{"count":4,"href":"http:\/\/www.judo-niederstetten.de\/cms\/wp-json\/wp\/v2\/pages\/44\/revisions"}],"predecessor-version":[{"id":647,"href":"http:\/\/www.judo-niederstetten.de\/cms\/wp-json\/wp\/v2\/pages\/44\/revisions\/647"}],"wp:attachment":[{"href":"http:\/\/www.judo-niederstetten.de\/cms\/wp-json\/wp\/v2\/media?parent=44"}],"curies":[{"name":"wp","href":"https:\/\/api.w.org\/{rel}","templated":true}]}}